{"id":141,"date":"2024-04-20T13:22:16","date_gmt":"2024-04-20T11:22:16","guid":{"rendered":"https:\/\/openparatennisduloiret.fr\/?page_id=141"},"modified":"2024-11-20T19:39:25","modified_gmt":"2024-11-20T18:39:25","slug":"hotel","status":"publish","type":"page","link":"https:\/\/openparatennisduloiret.fr\/index.php\/actualites\/hotel\/","title":{"rendered":"H\u00f4tel"},"content":{"rendered":"\n<h1 class=\"wp-block-heading\">H\u00d4TEL NOVOTEL ORL\u00c9ANS CHARBONNI\u00c8RE<\/h1>\n\n\n\n<p>Une situation au calme \u00e0 l\u2019ext\u00e9rieur de la ville, dans un parc arbor\u00e9 en bordure de for\u00eat, d\u2019acc\u00e8s facile depuis les grands axes routiers, le Novotel Orl\u00e9ans Saint Jean de Braye se situe \u00e0 7 Km du centre d\u2019Orl\u00e9ans et au c\u0153ur du parc d\u2019activit\u00e9 d\u2019Orl\u00e9ans Est. Localisation id\u00e9ale lors d\u2019un voyage d\u2019affaires et de loisirs. Il dispose de 107 chambres, terrasse, piscine ext\u00e9rieure chauff\u00e9e, dans un espace paysag\u00e9. Le restaurant Novotel Caf\u00e9 vous invite \u00e0 d\u00e9couvrir une restauration moderne.<\/p>\n\n\n\n<h2 class=\"wp-block-heading\">Les plus de l&rsquo;h\u00f4tel<\/h2>\n\n\n\n<p>\u00ab&nbsp;250 m\u00b2 de salles de r\u00e9union, \u00e0 la lumi\u00e8re du jour, pour accueillir vos s\u00e9minaires jusqu\u2019\u00e0 150 personnes. Id\u00e9al \u00e0 deux ou en famille pour visiter la ville d\u2019Orl\u00e9ans et les ch\u00e2teaux de la Loire.&nbsp;\u00bb<br>Chez Novotel, une qualit\u00e9 d\u2019accueil irr\u00e9prochable, des espaces d\u00e9tente et de travail s\u2019associent \u00e0 de nombreux services de qualit\u00e9s.<\/p>\n\n\n\n<h2 class=\"wp-block-heading\">Bien-\u00eatre<\/h2>\n\n\n\n<ul class=\"wp-block-list\">\n<li><strong>D\u00e9tente et remise en forme<\/strong><br>Piscine ext\u00e9rieure chauff\u00e9e<\/li>\n\n\n\n<li><strong>Autres activit\u00e9s sportives<\/strong><br>Table tennis<br>Boules\/P\u00e9tanque<\/li>\n<\/ul>\n\n\n\n<h2 class=\"wp-block-heading\">Informations pratiques<\/h2>\n\n\n\n<ul class=\"wp-block-list\">\n<li><strong>Parking<\/strong><br>Parking priv\u00e9 ext\u00e9rieur<\/li>\n\n\n\n<li><strong>Langues parl\u00e9es \u00e0 l\u2019h\u00f4tel<\/strong><br>Anglais<br>Allemand<br>Fran\u00e7ais<br>Espagnol<\/li>\n\n\n\n<li><strong>Equipements<\/strong><br>Conforme aux Lois de S\u00e9curit\u00e9<br>Surveillance vid\u00e9o \u00e0 l\u2019entr\u00e9e<br>Rampes d\u2019acc\u00e8s<br>Web corner on a mac<br>Boutiques cadeaux \/ Presse<br>Acc\u00e8s handicap\u00e9 parties communes<br>WIFI Internet sans fil dans l\u2019h\u00f4tel<br>Bureau d\u2019information touristique<br>Nettoyage \u00e0 sec \/ Repassage (payant)<br>Alarme fum\u00e9e Parties Communes<br>Animal accept\u00e9 (payant)<\/li>\n<\/ul>\n\n\n\n<h2 class=\"wp-block-heading\">La chambre<\/h2>\n\n\n\n<p>\u00c9quipement dans la chambre<\/p>\n\n\n\n<ul class=\"wp-block-list\">\n<li>Verrou automatique de chambre<\/li>\n\n\n\n<li>Film payant (payant)<\/li>\n\n\n\n<li>WIFI Internet sans fil dans la chambre<\/li>\n\n\n\n<li>220\/240 V AC<\/li>\n\n\n\n<li>Breakfast buffet<\/li>\n\n\n\n<li>Ligne haut d\u00e9bit<\/li>\n\n\n\n<li>Coffre-fort<\/li>\n\n\n\n<li>T\u00e9l\u00e9vision par satellite\/cable<\/li>\n\n\n\n<li>Prise RJ45<\/li>\n<\/ul>\n\n\n\n<p>\u00c9quipement dans la salle de bain<\/p>\n\n\n\n<ul class=\"wp-block-list\">\n<li>Baignoire<\/li>\n\n\n\n<li>Radio dans la salle de bain<\/li>\n\n\n\n<li>S\u00e8che-cheveux<\/li>\n<\/ul>\n\n\n\n<h2 class=\"wp-block-heading\">Contact h\u00f4tel<\/h2>\n\n\n\n<ul class=\"wp-block-list\">\n<li>145 Avenue de Verdun<\/li>\n\n\n\n<li>45800 Saint Jean de Braye<\/li>\n\n\n\n<li>France<\/li>\n\n\n\n<li>Tel (+33)2\/28846565<\/li>\n\n\n\n<li>Fax (+33)2\/28846661<\/li>\n\n\n\n<li>Email : H1075@accor.com<\/li>\n\n\n\n<li>Directeur : Mr Cyril GAST<\/li>\n\n\n\n<li>GPS. N 47\u00b0 55\u2032 20.84\u00a0\u00bb E 1\u00b0 59\u2032 19.55\u00a0\u00bb<\/li>\n<\/ul>\n\n\n<div class=\"wp-block-image\">\n<figure class=\"aligncenter size-full\"><img loading=\"lazy\" decoding=\"async\" width=\"845\" height=\"611\" src=\"https:\/\/openparatennisduloiret.fr\/wp-content\/uploads\/2024\/04\/Hotel.jpg\" alt=\"\" class=\"wp-image-468\" srcset=\"https:\/\/openparatennisduloiret.fr\/wp-content\/uploads\/2024\/04\/Hotel.jpg 845w, https:\/\/openparatennisduloiret.fr\/wp-content\/uploads\/2024\/04\/Hotel-300x217.jpg 300w, https:\/\/openparatennisduloiret.fr\/wp-content\/uploads\/2024\/04\/Hotel-768x555.jpg 768w\" sizes=\"auto, (max-width: 845px) 100vw, 845px\" \/><\/figure>\n<\/div>","protected":false},"excerpt":{"rendered":"<p>H\u00d4TEL NOVOTEL ORL\u00c9ANS CHARBONNI\u00c8RE Une situation au calme \u00e0 l\u2019ext\u00e9rieur de la ville, dans un parc arbor\u00e9 en bordure de for\u00eat, d\u2019acc\u00e8s facile depuis les grands axes routiers, le Novotel Orl\u00e9ans Saint Jean de Braye se situe \u00e0 7 Km du centre d\u2019Orl\u00e9ans et au c\u0153ur du parc d\u2019activit\u00e9 d\u2019Orl\u00e9ans Est. Localisation id\u00e9ale lors d\u2019un&hellip; <br \/> <a class=\"read-more\" href=\"https:\/\/openparatennisduloiret.fr\/index.php\/actualites\/hotel\/\">Lire la suite<\/a><\/p>\n","protected":false},"author":1,"featured_media":0,"parent":23,"menu_order":4,"comment_status":"closed","ping_status":"closed","template":"","meta":{"_monsterinsights_skip_tracking":false,"_monsterinsights_sitenote_active":false,"_monsterinsights_sitenote_note":"","_monsterinsights_sitenote_category":0,"_uf_show_specific_survey":0,"_uf_disable_surveys":false,"footnotes":""},"class_list":["post-141","page","type-page","status-publish","hentry"],"_links":{"self":[{"href":"https:\/\/openparatennisduloiret.fr\/index.php\/wp-json\/wp\/v2\/pages\/141","targetHints":{"allow":["GET"]}}],"collection":[{"href":"https:\/\/openparatennisduloiret.fr\/index.php\/wp-json\/wp\/v2\/pages"}],"about":[{"href":"https:\/\/openparatennisduloiret.fr\/index.php\/wp-json\/wp\/v2\/types\/page"}],"author":[{"embeddable":true,"href":"https:\/\/openparatennisduloiret.fr\/index.php\/wp-json\/wp\/v2\/users\/1"}],"replies":[{"embeddable":true,"href":"https:\/\/openparatennisduloiret.fr\/index.php\/wp-json\/wp\/v2\/comments?post=141"}],"version-history":[{"count":2,"href":"https:\/\/openparatennisduloiret.fr\/index.php\/wp-json\/wp\/v2\/pages\/141\/revisions"}],"predecessor-version":[{"id":469,"href":"https:\/\/openparatennisduloiret.fr\/index.php\/wp-json\/wp\/v2\/pages\/141\/revisions\/469"}],"up":[{"embeddable":true,"href":"https:\/\/openparatennisduloiret.fr\/index.php\/wp-json\/wp\/v2\/pages\/23"}],"wp:attachment":[{"href":"https:\/\/openparatennisduloiret.fr\/index.php\/wp-json\/wp\/v2\/media?parent=141"}],"curies":[{"name":"wp","href":"https:\/\/api.w.org\/{rel}","templated":true}]}}