{"id":326,"date":"2024-04-20T16:30:31","date_gmt":"2024-04-20T14:30:31","guid":{"rendered":"https:\/\/openparatennisduloiret.fr\/?page_id=326"},"modified":"2024-11-20T19:36:55","modified_gmt":"2024-11-20T18:36:55","slug":"hotel","status":"publish","type":"page","link":"https:\/\/openparatennisduloiret.fr\/index.php\/en\/news\/hotel\/","title":{"rendered":"Hotel"},"content":{"rendered":"\n<h1 class=\"wp-block-heading\">HOTEL NOVOTEL ORLEANS CHARBONNIERE<\/h1>\n\n\n\n<p>A quiet location outside the city, in a beautiful park on the edge of the forest, easily accessible from major roads, the Novotel Orl\u00e9ans Saint Jean de Braye is located 7 Km from the center of Orl\u00e9ans and in the heart of the business park of Orl\u00e9ans Est. Ideal location for a business and leisure trip. The hotel has 107 rooms, terrace, outdoor heated pool, in a landscaped area. The restaurant Novotel Caf\u00e9 invites you to discover a modern restoration.<\/p>\n\n\n\n<h2 class=\"wp-block-heading\">More than just a hotel<\/h2>\n\n\n\n<p>\u00ab&nbsp;250 m2 of bright meeting rooms, to accommodate your seminars up to 150 people. Ideal for a couple or family to visit the city of Orl\u00e9ans and the castles of the Loire.&nbsp;\u00bb<br>At Novotel, impeccable hospitality, relaxation zones and workspaces combine with a large variety of high-quality services.<\/p>\n\n\n\n<h2 class=\"wp-block-heading\">Wellbeing<\/h2>\n\n\n\n<ul class=\"wp-block-list\">\n<li><strong>Relaxation and fitness<\/strong><br>outside heated swimming pool<\/li>\n\n\n\n<li><strong>Other sports activities<\/strong><br>Table tennis<br>Petanque<\/li>\n<\/ul>\n\n\n\n<h2 class=\"wp-block-heading\">Practical information<\/h2>\n\n\n\n<ul class=\"wp-block-list\">\n<li><strong>Parking<\/strong><br>Outdoor private car park<\/li>\n\n\n\n<li><strong>Languages spoken at the hotel<\/strong><br>English<br>German<br>French<br>Spanish<\/li>\n\n\n\n<li><strong>Equipment in compliance with the security laws<\/strong><br>video surveillance at the entrance<br>Computer zone<br>Gift shops,<br>Accessible public areas<br>WIFI Wireless Internet<br>Tourist<br>Information Office<br>Dry cleaning<br>Ironing (paid service)<br>Smoke alarm in public areas<br>Animal accepted (paid service)<\/li>\n<\/ul>\n\n\n\n<h2 class=\"wp-block-heading\">Room<\/h2>\n\n\n\n<p>Room Equipment :<\/p>\n\n\n\n<ul class=\"wp-block-list\">\n<li>Automatic chamber lock<\/li>\n\n\n\n<li>Movies (paid service)<\/li>\n\n\n\n<li>Wireless internet in the room<\/li>\n\n\n\n<li>220\/240 V AC<\/li>\n\n\n\n<li>Breakfast buffet<\/li>\n\n\n\n<li>High speed line<\/li>\n\n\n\n<li>Safe<\/li>\n\n\n\n<li>Satellite \/ Cable TV<\/li>\n\n\n\n<li>Socket RJ45<\/li>\n<\/ul>\n\n\n\n<p>Facilities in the bathroom<\/p>\n\n\n\n<ul class=\"wp-block-list\">\n<li>Bathtub<\/li>\n\n\n\n<li>Radio in the bathroom<\/li>\n\n\n\n<li>Hairdryer<\/li>\n<\/ul>\n\n\n\n<h2 class=\"wp-block-heading\">Contact hotel<\/h2>\n\n\n\n<ul class=\"wp-block-list\">\n<li>145 Avenue de Verdun<\/li>\n\n\n\n<li>45800 Saint Jean de Braye<\/li>\n\n\n\n<li>France<\/li>\n\n\n\n<li>Tel (+33)2\/28846565<\/li>\n\n\n\n<li>Fax (+33)2\/28846661<\/li>\n\n\n\n<li>Email : H1075@accor.com<\/li>\n\n\n\n<li>Hotel manager: Mr Cyril GAST<\/li>\n\n\n\n<li>GPS. N 47\u00b0 55\u2032 20.84\u00a0\u00bb E 1\u00b0 59\u2032 19.55\u00a0\u00bb<\/li>\n<\/ul>\n\n\n<div class=\"wp-block-image\">\n<figure class=\"aligncenter size-full\"><img loading=\"lazy\" decoding=\"async\" width=\"845\" height=\"611\" src=\"https:\/\/openparatennisduloiret.fr\/wp-content\/uploads\/2024\/04\/Hotel.jpg\" alt=\"\" class=\"wp-image-468\" srcset=\"https:\/\/openparatennisduloiret.fr\/wp-content\/uploads\/2024\/04\/Hotel.jpg 845w, https:\/\/openparatennisduloiret.fr\/wp-content\/uploads\/2024\/04\/Hotel-300x217.jpg 300w, https:\/\/openparatennisduloiret.fr\/wp-content\/uploads\/2024\/04\/Hotel-768x555.jpg 768w\" sizes=\"auto, (max-width: 845px) 100vw, 845px\" \/><\/figure>\n<\/div>","protected":false},"excerpt":{"rendered":"<p>HOTEL NOVOTEL ORLEANS CHARBONNIERE A quiet location outside the city, in a beautiful park on the edge of the forest, easily accessible from major roads, the Novotel Orl\u00e9ans Saint Jean de Braye is located 7 Km from the center of Orl\u00e9ans and in the heart of the business park of Orl\u00e9ans Est. Ideal location for&hellip; <br \/> <a class=\"read-more\" href=\"https:\/\/openparatennisduloiret.fr\/index.php\/en\/news\/hotel\/\">Lire la suite<\/a><\/p>\n","protected":false},"author":1,"featured_media":0,"parent":275,"menu_order":4,"comment_status":"closed","ping_status":"closed","template":"","meta":{"_monsterinsights_skip_tracking":false,"_monsterinsights_sitenote_active":false,"_monsterinsights_sitenote_note":"","_monsterinsights_sitenote_category":0,"_uf_show_specific_survey":0,"_uf_disable_surveys":false,"footnotes":""},"class_list":["post-326","page","type-page","status-publish","hentry"],"_links":{"self":[{"href":"https:\/\/openparatennisduloiret.fr\/index.php\/wp-json\/wp\/v2\/pages\/326","targetHints":{"allow":["GET"]}}],"collection":[{"href":"https:\/\/openparatennisduloiret.fr\/index.php\/wp-json\/wp\/v2\/pages"}],"about":[{"href":"https:\/\/openparatennisduloiret.fr\/index.php\/wp-json\/wp\/v2\/types\/page"}],"author":[{"embeddable":true,"href":"https:\/\/openparatennisduloiret.fr\/index.php\/wp-json\/wp\/v2\/users\/1"}],"replies":[{"embeddable":true,"href":"https:\/\/openparatennisduloiret.fr\/index.php\/wp-json\/wp\/v2\/comments?post=326"}],"version-history":[{"count":2,"href":"https:\/\/openparatennisduloiret.fr\/index.php\/wp-json\/wp\/v2\/pages\/326\/revisions"}],"predecessor-version":[{"id":471,"href":"https:\/\/openparatennisduloiret.fr\/index.php\/wp-json\/wp\/v2\/pages\/326\/revisions\/471"}],"up":[{"embeddable":true,"href":"https:\/\/openparatennisduloiret.fr\/index.php\/wp-json\/wp\/v2\/pages\/275"}],"wp:attachment":[{"href":"https:\/\/openparatennisduloiret.fr\/index.php\/wp-json\/wp\/v2\/media?parent=326"}],"curies":[{"name":"wp","href":"https:\/\/api.w.org\/{rel}","templated":true}]}}